= -5*x + t + 6. Let w be 3/(-6) + x*674/8. Suppose 4*j - 276 = w. Is j prime?
False
Let p = -106139 + 235654. Is p a prime number?
False
Suppose 3*u + 6109 = 5*k, u - 3*u - 4076 = -4*k. Let q = u - -3245. Is q a prime number?
True
Let m be 38029 - (22/14 + 18/42). Suppose i - 12*i + m = 0. Is i a prime number?
True
Suppose -5*a + 9 = 3*d, -2*d + 4 + 1 = 3*a. Suppose 2*r = -11*h + 8*h + 1481, 0 = a*h - 3. Is r a prime number?
True
Let i(j) = 67*j - 16. Let s be i(14). Let m = s - 485. Is m a composite number?
True
Let f(u) = 848*u**2 - 37*u + 583. Is f(12) a composite number?
False
Let o = 29947 + -16665. Let j = 39245 - o. Is j a prime number?
False
Let k = -57 + 74. Is (k/(-7) - -2) + 15096/42 a composite number?
False
Is (832/(-48) + 18)/(3*(-6)/(-2825091)) composite?
True
Suppose 0 = -2*o + 5*z + 23, -2*o + 6*z + 26 = 2*z. Let a = -37 + o. Is 12/a*-1*(-5946)/(-4) a composite number?
False
Suppose -5*v = -c + 1250, 4*c + 6*v - 2*v - 5072 = 0. Let p = 754 - c. Let z = 744 + p. Is z a composite number?
False
Let c(h) = 118*h - 20. Let x be c(4). Let t = 1207 - x. Let k = 1606 - t. Is k prime?
False
Suppose -g + 0 = -16. Let d(p) = -4 + 51*p**2 - g*p**2 + 4*p**3 - 19*p**2 - 17*p**2 - 2*p. Is d(3) a composite number?
False
Let d(y) = -5*y**3 - 8*y**2 - 207*y - 19. Is d(-27) a prime number?
False
Suppose 6*a + 20 = -4*a. Let r be -106*(3/a - 1). Suppose r + 171 = 4*j. Is j a prime number?
True
Let n(y) = y**3 + 23*y**2 + 20*y - 40. Let h be n(-22). Let f be h/(-2)*7/(-7). Suppose -6*p + 356 = -f*p. Is p a prime number?
True
Let c(s) be the first derivative of -159*s**2 + 65*s + 2. Is c(-5) a prime number?
False
Let k(y) = -y**3 - 15*y**2 - 14*y - 13. Let s be k(-14). Let p(x) = -x**3 + 15*x**2 + x + 38. Is p(s) composite?
True
Suppose 2434091 = 8*o - 7*o + 10*o. Is o composite?
False
Suppose z - 36 + 8 = 3*q, -3*z - 2*q + 106 = 0. Let j be (-5)/20 + z*197/8. Suppose 584 = 3*n + 6*x - x, 5*x + j = 4*n. Is n composite?
True
Suppose -5*f - a = -36, 4*a - a = -12. Suppose -12 - f = 5*u. Is ((-1338)/u)/(6/8) a composite number?
True
Suppose -5 = -13*o + 8*o. Is ((-9)/(-18) - o)*(-528 + -2) a composite number?
True
Suppose 4*r = 7*r - 1623. Suppose -2*s + 1065 = 5*d, -s = 5*d + r - 1601. Is d a prime number?
True
Suppose 11783*u - 503743 = 11782*u. Is u composite?
False
Let x be (2/(-6))/((-26)/12 + 2). Let i(o) = 82*o**2 - 2*o - 6. Let s be i(x). Suppose -b - s = -4*c + 478, -c + 199 = 5*b. Is c composite?
False
Let z(g) = -7*g - 15. Let j be z(-4). Let v be (-1)/((-6)/58)*(-16 + j). Is (v/2)/(3/(-258)) a prime number?
False
Let a(q) = q**2 + 4*q + 6. Let s be a(-5). Suppose -s*v = -5*v - 42. Suppose -1 = 2*w - v, -4*z = -5*w - 8653. Is z a composite number?
True
Suppose 73*l - 3005488 = 54293161. Is l composite?
False
Suppose -27*z - 5*b = -31*z + 3040008, 4*z + 5*b = 3040048. Is z composite?
False
Let x(p) = -3*p - 1. Let k be x(-11). Let j = 27 - k. Is 2581 - (-6)/(15/j) prime?
True
Suppose -35749 = -d + 2*a, 178689 = 406*d - 401*d + 4*a. Is d a composite number?
True
Suppose 2*o - l - 357367 = 0, 0*l + 8*l - 893365 = -5*o. Is o prime?
True
Let j(r) = -63*r**2 + 19*r + 36. Let a(x) = 21*x**2 - 6*x - 12. Let l(n) = 7*a(n) + 2*j(n). Let o = 1340 - 1333. Is l(o) prime?
False
Suppose 41 - 9 = 4*r. Suppose -r*k + 15*k - 1869 = 0. Is k composite?
True
Let w = -395 + 399. Let i be (-2)/1*(-22122)/(-12). Is (w - 0)*i/(-12) a composite number?
False
Let b be 2*(-495)/20*-2. Let q = b + -99. Suppose q = -5*p - p + 1110. Is p a prime number?
False
Let c(f) = -3*f**3 - 18*f**2 - f - 8. Let w be c(-6). Is (7878/4 - w)/(3/6) prime?
True
Let q(h) = 10*h**2 - 8*h + 11. Suppose 0 = -50*t + 45*t - 20. Let n be (7/(-2) - 0)/((-2)/t). Is q(n) composite?
False
Is (10 - 0) + -454576*26/(-416) composite?
True
Let m = 130502 + -82362. Suppose 20*n - 6300 = m. Is n composite?
True
Suppose 20*a - 22*a = -530. Suppose -13*z = -a + 889. Is (102224/z)/(8/(-6) + 1) prime?
True
Let h(z) = -384*z**3 - 166*z**2 - 339*z - 3. Is h(-2) a prime number?
True
Let r be 22/(-6)*(-23 + 20). Suppose r*g - 13*g + 5042 = 0. Is g a composite number?
False
Suppose 8*u = -17 + 49. Let r(k) = -4*k - 8*k**2 + u*k + 5 - 4*k - k**3 + k. Is r(-9) a prime number?
True
Let h = 41 - 38. Let a be -5*(h - 27/15). Is (174 - 1)/(a/(-12)) a prime number?
False
Let c(r) = -r**3 - 7*r**2 + 3*r - 24. Let t(n) = -n**3 - 6*n**2 + 5*n + 21. Let m be t(-6). Is c(m) prime?
False
Let m = 66 - 63. Suppose 2*n + 2*o = -14, -m*n + 5*n = -3*o - 9. Is 50/15*n/(-4) prime?
False
Let z be ((-10)/(-15))/((-1)/(-3)). Suppose -z*c + 20355 = 6375. Suppose -3*u = 2*u + 5*f - c, 4199 = 3*u + 2*f. Is u prime?
False
Suppose -h + 1414*t = 1416*t - 285847, -h = -t - 285853. Is h prime?
False
Let j(t) = 4*t**2 - 50*t + 587. Is j(37) a composite number?
True
Suppose 0 = -6*z - 6*z - 50748. Let h = z + 6562. Is h composite?
False
Let i = 148 - 104. Let n = i + -49. Is 3/(-15)*n - (-2121)/1 prime?
False
Let d(b) be the second derivative of 19*b**6/180 + b**5/120 - 4*b**4/3 - b**3 + 12*b. Let v(f) be the second derivative of d(f). Is v(-5) prime?
False
Let g be 4*((-4)/(-4) + -2 - -2). Is (-3)/6 + ((-242242)/g)/(-7) a composite number?
True
Suppose 149*t = 138*t + 163042. Is t a composite number?
True
Let l = 12245 - -56466. Is l a composite number?
False
Let f be ((-9 - 0) + 9)/(-1 - 1). Suppose 3*y - 2827 = 2*y + 2*r, f = 5*y + 3*r - 14083. Is y composite?
False
Let w = 647499 - 374692. Is w composite?
False
Let i = 100539 - 63496. Is i a composite number?
True
Suppose -3*y = y - 20, 3*y = -5*i + 35. Is i + 5/((-10)/(-20946)) a composite number?
False
Is (-2401404)/(-15)*(-175)/(-140) composite?
False
Let i = -900 - -4746. Suppose k + 3*f - i = 2*k, 5*k = 2*f - 19191. Is (k/(-2) + -2)/(10/20) composite?
False
Let k(r) = 2*r**3 - 8*r**2 + 5*r + 5. Suppose -45 = -5*f + 265. Let l = -52 + f. Is k(l) a composite number?
True
Is 897534/225 + (-6)/150 prime?
True
Suppose 7*j - 1240 = 678. Let n be 1/(550/j - 6/3). Let a = 170 + n. Is a a composite number?
False
Is (-16)/(64/(-2846))*(23 + -1) a prime number?
False
Let v = 3096 - 1276. Let t be (-2)/(-3) + (-10141)/(-3). Let r = t - v. Is r a composite number?
True
Suppose 15*s - 95130 = -15*s. Suppose -s = -5*f - o, 4*f + 4*o + 902 - 3426 = 0. Is f a prime number?
False
Suppose -2*q - 5*b + 196269 = 0, -3*q = 4*b - 89356 - 205023. Is q composite?
True
Let j(k) = -52*k + 15. Let s be 6*(-3 - (-33)/9). Let y be j(s). Let x = 372 + y. Is x composite?
False
Suppose 5*o - 2*o - 2 = 5*r, -3*r = -o - 2. Let b(p) = -p**r + p**2 + 4*p**2 - 13. Is b(-4) prime?
False
Suppose 127888 = 20*v - 381292. Is v prime?
False
Let b(w) = 45*w**3 - 7*w**2 + w - 1. Let l be (-3 - -5) + (-2 - -4). Is b(l) a prime number?
False
Let w(x) = 768*x**2 + 47*x + 71. Is w(18) composite?
False
Let o be (1 - 1) + 19 + -18. Let f(r) = 5017*r + 2. Let u be f(o). Suppose 4*v = -3*v + u. Is v prime?
False
Suppose 211*w - 1026863 = -5*j + 209*w, 3*j - 616116 = -3*w. Is j prime?
False
Suppose -293 = -119*j + 81222. Is j a composite number?
True
Suppose 49*z = 45*z - 516. Let u = 7484 - z. Is u prime?
False
Let r(w) = w**3 - 8*w**2 - 7*w - 16. Let u be r(9). Suppose 0 = u*t + 10, -23582 = -y - t - 2*t. Is y a composite number?
True
Suppose -214*q - 612 = -218*q. Suppose 139*r - q*r + 15974 = 0. Is r composite?
True
Suppose 231*w - 5862404 = 15211495. Is w a composite number?
False
Let y be (-3 + 5 - 2)/1. Suppose -5*a - 14375 = -3*d, d + y*a - 4789 = -a. Suppose 4*o = -6*o + d. Is o composite?
False
Let i(d) = d**3 + 8*d + 4379. Let j be 0*(-7 - (-27)/4). Is i(j) composite?
True
Let w(p) = 23*p**2 - 4*p - 12. Suppose -2*l + 19 = 5*b, -5*l + 0*l + 16 = 2*b. Let r be (1 - -9) + b*-1. Is w(r) a composite number?
False
Let u(m) = -8696*m + 1359. Is u(-5) composite?
False
Suppose -3*a + 4*g - 94 = -7, -a + 2*g - 31 = 0. Let j(f) = 4*f**2 + 78*f - 36. Is j(a) composite?
True
Let k(d) = d. Let s(g) = -669*g + 29. Let t(i) = 3*k(i) + s(i). Is t(-9) a prime number?
False
Let a = -352904 - -739995. Is a a prime number?
False
Let x(h) = -3*h**3 + 233*h**2 - 100*h + 53. Is x(57) composite?
False
Suppose 1956 = 4*r - 124136. Suppose 9634 = -7*x + r. Is x prime?
False
Let j = 140591 - 42034. Is j prime?
False
Suppose 8*p = -17 - 7. Let r be (p